{"id":411,"date":"2015-01-14T21:19:25","date_gmt":"2015-01-14T20:19:25","guid":{"rendered":"http:\/\/mgunnarssonwp.azurewebsites.net\/?page_id=411"},"modified":"2015-03-07T12:21:13","modified_gmt":"2015-03-07T11:21:13","slug":"lankar","status":"publish","type":"page","link":"https:\/\/mgunnarsson.se\/?page_id=411","title":{"rendered":"L\u00e4nkar"},"content":{"rendered":"<p><a title=\"Oskarstr\u00f6ms och Vall\u00e5s Begravningsbyr\u00e5\" href=\"http:\/\/www.oskarstromsbegravningsbyra.se\" target=\"_blank\">Oskarstr\u00f6ms och Vall\u00e5s begravningsbyr\u00e5<\/a>\u00a0&#8211; Samarbetspartner<\/p>\n<p><a title=\"Sveriges Begravningsbyr\u00e5ers F\u00f6rbund\" href=\"http:\/\/www.begravningar.se\" target=\"_blank\">Sveriges Begravningsbyr\u00e5ers F\u00f6rbund<\/a><\/p>\n<p><a title=\"\u00c4rvdabalken\" href=\"http:\/\/www.notisum.se\/rnp\/sls\/lag\/19580637.HTM\" target=\"_blank\">\u00c4rvdabalken<\/a>\u00a0&#8211; Vad lagboken s\u00e4ger om arv<\/p>\n<p><a title=\"Skatteverket\" href=\"http:\/\/www.skatteverket.se\" target=\"_blank\">Skatteverket<\/a><\/p>\n","protected":false},"excerpt":{"rendered":"<p>Oskarstr\u00f6ms och Vall\u00e5s begravningsbyr\u00e5\u00a0&#8211; Samarbetspartner Sveriges Begravningsbyr\u00e5ers F\u00f6rbund \u00c4rvdabalken\u00a0&#8211; Vad lagboken s\u00e4ger om arv Skatteverket<\/p>\n","protected":false},"author":1,"featured_media":0,"parent":0,"menu_order":0,"comment_status":"closed","ping_status":"open","template":"","meta":[],"_links":{"self":[{"href":"https:\/\/mgunnarsson.se\/index.php?rest_route=\/wp\/v2\/pages\/411"}],"collection":[{"href":"https:\/\/mgunnarsson.se\/index.php?rest_route=\/wp\/v2\/pages"}],"about":[{"href":"https:\/\/mgunnarsson.se\/index.php?rest_route=\/wp\/v2\/types\/page"}],"author":[{"embeddable":true,"href":"https:\/\/mgunnarsson.se\/index.php?rest_route=\/wp\/v2\/users\/1"}],"replies":[{"embeddable":true,"href":"https:\/\/mgunnarsson.se\/index.php?rest_route=%2Fwp%2Fv2%2Fcomments&post=411"}],"version-history":[{"count":2,"href":"https:\/\/mgunnarsson.se\/index.php?rest_route=\/wp\/v2\/pages\/411\/revisions"}],"predecessor-version":[{"id":701,"href":"https:\/\/mgunnarsson.se\/index.php?rest_route=\/wp\/v2\/pages\/411\/revisions\/701"}],"wp:attachment":[{"href":"https:\/\/mgunnarsson.se\/index.php?rest_route=%2Fwp%2Fv2%2Fmedia&parent=411"}],"curies":[{"name":"wp","href":"https:\/\/api.w.org\/{rel}","templated":true}]}}