{"id":341,"date":"2015-01-14T21:11:28","date_gmt":"2015-01-14T20:11:28","guid":{"rendered":"http:\/\/mgunnarssonwp.azurewebsites.net\/?page_id=341"},"modified":"2017-01-30T21:32:58","modified_gmt":"2017-01-30T20:32:58","slug":"arvsskifte","status":"publish","type":"page","link":"https:\/\/mgunnarsson.se\/?page_id=341","title":{"rendered":"Arvskifte"},"content":{"rendered":"<table>\n<tbody>\n<tr>\n<td style=\"width: 50%; vertical-align: top;\">\n<h3>Arvskiften<\/h3>\n<p>Efter det att bouppteckningen \u00e4r registrerad skall, om det \u00e4r tv\u00e5 eller fler del\u00e4gare i d\u00f6dsboet, ett arvskifte uppr\u00e4ttas. Arvskiftet \u00e4r en handling vari man f\u00f6rdelar de tillg\u00e5ngar som finns mellan del\u00e4garna i d\u00f6dsboet. Vi hj\u00e4lper naturligtvis \u00e4ven till med arvskifte om du s\u00e5 \u00f6nskar.<\/td>\n<td style=\"vertical-align: top;\">\n<h3>F\u00f6rvaltning av d\u00f6dsbo<\/h3>\n<p>Tiden efter d\u00f6dsfallet och bouppteckningen \u00e4r det en hel del praktiska saker kring f\u00f6rvaltning och avveckling av d\u00f6dsboet som m\u00e5ste sk\u00f6tas. Som exempelvis att betala r\u00e4kningar, avsluta konton, s\u00e4lja bohag, v\u00e4rdepapper, fastighet m.m. F\u00f6r de som \u00f6nskar hj\u00e4lper vi \u00e4ven till med detta och redovisar till d\u00f6dsbodel\u00e4garna samt skickar ut arvslotterna.<br \/>\nTa kontakt med oss f\u00f6r kostnadsf\u00f6rslag och tidsbokning eller bara f\u00f6r att st\u00e4lla fr\u00e5gor.<\/td>\n<\/tr>\n<\/tbody>\n<\/table>\n","protected":false},"excerpt":{"rendered":"<p>Arvskiften Efter det att bouppteckningen \u00e4r registrerad skall, om det \u00e4r tv\u00e5 eller fler del\u00e4gare i d\u00f6dsboet, ett arvskifte uppr\u00e4ttas. Arvskiftet \u00e4r en handling vari man f\u00f6rdelar de tillg\u00e5ngar som &hellip; <a class=\"readmore\" href=\"https:\/\/mgunnarsson.se\/?page_id=341\">L&auml;s mer &rarr;<\/a><\/p>\n","protected":false},"author":1,"featured_media":0,"parent":0,"menu_order":0,"comment_status":"closed","ping_status":"open","template":"","meta":[],"_links":{"self":[{"href":"https:\/\/mgunnarsson.se\/index.php?rest_route=\/wp\/v2\/pages\/341"}],"collection":[{"href":"https:\/\/mgunnarsson.se\/index.php?rest_route=\/wp\/v2\/pages"}],"about":[{"href":"https:\/\/mgunnarsson.se\/index.php?rest_route=\/wp\/v2\/types\/page"}],"author":[{"embeddable":true,"href":"https:\/\/mgunnarsson.se\/index.php?rest_route=\/wp\/v2\/users\/1"}],"replies":[{"embeddable":true,"href":"https:\/\/mgunnarsson.se\/index.php?rest_route=%2Fwp%2Fv2%2Fcomments&post=341"}],"version-history":[{"count":2,"href":"https:\/\/mgunnarsson.se\/index.php?rest_route=\/wp\/v2\/pages\/341\/revisions"}],"predecessor-version":[{"id":811,"href":"https:\/\/mgunnarsson.se\/index.php?rest_route=\/wp\/v2\/pages\/341\/revisions\/811"}],"wp:attachment":[{"href":"https:\/\/mgunnarsson.se\/index.php?rest_route=%2Fwp%2Fv2%2Fmedia&parent=341"}],"curies":[{"name":"wp","href":"https:\/\/api.w.org\/{rel}","templated":true}]}}